 - 2. Let z be a(5). Let k be 6*(-36)/(-8) + 4. Let m = 51 - k. What is the greatest common divisor of z and m?
4
Let v be 1/2*(24 + -10). Let k be -5 - 68/(-14) - (-225)/v. What is the greatest common factor of k and 8?
8
Suppose 8 = 3*m - m, g + 2*m - 12 = 0. Let r = 50 + -36. Let v be r*150/66 + (-2)/(-11). Calculate the greatest common divisor of v and g.
4
Let o be (-198)/12*((-250)/6 + 3). Calculate the greatest common divisor of o and 22.
22
Let v(o) be the first derivative of 3/2*o**2 + 3*o - 4 + 2/3*o**3. Let l be v(-2). Calculate the greatest common divisor of 55 and l.
5
Let i(q) = -q**3 - 43*q**2 + 14. Let j be i(-43). Calculate the greatest common divisor of j and 2.
2
Suppose 0 = -15*t + 396 + 324. What is the highest common factor of 648 and t?
24
Let v = 40 + -37. Calculate the greatest common factor of v and 87.
3
Let x(l) = 2*l**2 + 3*l - 19. Let u be x(7). Let t = u + -75. Calculate the greatest common divisor of 10 and t.
5
Suppose -4*q - 5*t = -14, 3*q = 5*t - 3*t - 1. Let a be 12/(-2)*q*650/(-20). Calculate the greatest common factor of a and 15.
15
Let o = 160 + -159. Calculate the greatest common divisor of o and 37.
1
Let q = 128 + 89. What is the greatest common factor of 93 and q?
31
Let t = 176 + -110. What is the highest common factor of t and 165?
33
Suppose -152 = -4*a + 4*f, 3*a - 28 = -2*f + 86. Let c = -19 - 73. Let r = c - -187. Calculate the greatest common factor of r and a.
19
Let u be 114/(-399) - (-326)/14. What is the highest common divisor of u and 391?
23
Suppose -2*z + 1058 = -2*c, -5*z + 2*c - 2659 = -10*z. Let b be z/21 + (-4)/14. Calculate the highest common factor of b and 225.
25
Let m be (2892/(-30))/((-3)/30). Let d be (-6)/24 - m/(-16). Suppose -3*w + x + 100 = 6*x, -w + d = -5*x. What is the highest common factor of w and 8?
8
Let m(k) = 5*k**2 + 32*k + 15. Let j be m(-6). What is the highest common factor of j and 201?
3
Let h be ((-5)/(-2))/((-250)/(-6600)). Calculate the greatest common divisor of h and 22.
22
Let d = -40 + 44. Suppose d*y - 48 = -0*y. Calculate the greatest common factor of y and 60.
12
Suppose q = -5*j + 15 + 16, 21 = 4*j - 3*q. Calculate the greatest common divisor of j and 33.
3
Suppose -8*n + 18 = -6. Suppose n*f + 23 - 320 = 0. Calculate the greatest common divisor of f and 11.
11
Suppose -2*l - 186 = -5*y + l, 4*y = -5*l + 134. What is the greatest common factor of y and 45?
9
Let x be 96 - 45/5 - (2 - 7). Calculate the greatest common divisor of x and 12.
4
Suppose 5*g - 44 = g + 4*s, 5*s = -3*g + 41. Let y = -19647 + 19851. Calculate the highest common factor of g and y.
12
Let x(v) = -v - 12. Let l be x(-6). Let f be -1*(2 - (-4 - l)). Suppose 7*c + f - 56 = 0. Calculate the highest common factor of c and 1.
1
Let m be -1 + 5 - 4/1. Let x be 75 - (m - (3 - (2 + -1))). What is the highest common divisor of x and 7?
7
Let i be 17/(-34) + (-1906)/(-4). What is the highest common factor of 7 and i?
7
Let o be (585/25)/((-36)/(-60)). Calculate the highest common factor of 12 and o.
3
Let v(w) = -2*w**3 - 14*w**2 - 14*w + 18. Let b be v(-6). Let j = -10 - -22. What is the greatest common factor of j and b?
6
Let b = 614 - 418. What is the highest common divisor of 8 and b?
4
Let d be (-820)/(-16) - (-30)/(-24). Let p be 20/d - 103/(-5). What is the highest common factor of p and 231?
21
Let r(i) = 3*i - 5 + 5 - 6 - 2*i. Let j be r(12). Calculate the greatest common divisor of j and 6.
6
Suppose -11*s + 1155 = -0*s. Calculate the greatest common divisor of 70 and s.
35
Let n = -230 - -116. Let m = -90 - n. Calculate the greatest common divisor of m and 40.
8
Let x = 71 - 41. Let c be 56 + -7 - (-3)/(-1). Let s = c - -29. Calculate the highest common divisor of s and x.
15
Let i(y) = 2*y**3 + y + 1. Let w be i(2). Suppose g + 2 = -5*h + 20, 15 = 5*g. Let z be 76/(-6)*(h - 9). Calculate the highest common factor of w and z.
19
Let r(d) = -2*d**3 - 5*d**2 - 4*d - 3. Let h be r(-3). Suppose 4*w = -63 + 27 + 612. Calculate the highest common divisor of w and h.
18
Let c be 6/45 + (-42292)/(-60). Suppose -o = 5*g - c, -5*o + 29 - 4 = 0. Calculate the highest common divisor of g and 56.
28
Let n(l) = 19*l**2 - l + 1. Let d be n(2). Suppose -2*o = -26 - 10. Let v be 6 + -7 + (1*o - 2). What is the greatest common divisor of v and d?
15
Suppose 3 + 9 = 4*g. Suppose -5*j - 60 = -g*r + r, r = 4*j + 24. Let v(t) = -t**2 - 11*t - 20. Let b be v(-6). Calculate the greatest common factor of r and b.
10
Let w be 11330/935 - 2/17. What is the greatest common factor of 39 and w?
3
Let o be (-12)/((2/12)/(66/(-27))). Let n(t) = 31*t - 1. Let q be n(2). Suppose -5*a + q = -49. Calculate the highest common factor of o and a.
22
Let p = 0 + 4. Suppose -a - p*a = -540. Let x(u) = -u**3 - 4*u**2 - 3*u. Let s be x(-4). Calculate the greatest common divisor of a and s.
12
Suppose x + 6 = 3*x - 4*c, -4*c + 6 = 2*x. Suppose x*y - 6*y + 3 = 0. Calculate the highest common divisor of y and 2.
1
Suppose p - 35 = -t, -21*t - 107 = -3*p - 22*t. Calculate the greatest common divisor of 234 and p.
18
Let d be 9 + 1*(2 - 4). Let j(r) = 4*r + 6*r - d*r + 2. Let x be j(4). What is the highest common factor of 7 and x?
7
Let y be (-2736)/3*30/(-90). What is the greatest common factor of 16 and y?
16
Let y(s) be the second derivative of s**4/12 - s**3/2 + 3*s**2 + 9*s. Let q be y(-6). What is the highest common divisor of 15 and q?
15
Suppose -5*i = -422 - 318. Suppose 3*a = -a - y + i, -5*a + 164 = -4*y. What is the highest common divisor of a and 90?
18
Let t(j) = -2*j**3 - 16*j**2 - 4*j + 13. Let s be t(-8). Calculate the highest common divisor of s and 165.
15
Let j(t) = -3*t**3 - t**2 + t + 1. Let w be j(-1). Suppose -2*u + w = -12. What is the greatest common divisor of u and 63?
7
Suppose 9 = -2*q - 9. Let h = -25 - q. Let m = -8 - h. Calculate the greatest common divisor of m and 40.
8
Suppose 0 = -2*c + 4*c + 30. Let k = 2 - c. Calculate the highest common factor of 34 and k.
17
Let m(s) = s**3 + 24*s**2 + 41*s + 25. Let j be m(-22). What is the highest common factor of j and 56?
7
Let k(u) be the second derivative of -u**5/20 - u**4/3 - u**3/2 - u**2 - 12*u. Let n be k(-6). Calculate the greatest common factor of 11 and n.
11
Let y be (-55 - -10)/((-1)/4). What is the greatest common divisor of y and 72?
36
Suppose 58*a - 15069 = 11553. What is the highest common factor of 27 and a?
27
Suppose 7*m + 0 = 70. Calculate the highest common divisor of 950 and m.
10
Let k be 1/(2 - (-5)/(-2)). Let v(y) = y**3 + 3*y**2 - 1. Let t be v(k). Suppose t*c - 22 = 8. What is the highest common factor of 15 and c?
5
Suppose -9*x + 21 = -69. Suppose 2*h - x - 49 = -j, 140 = 5*h + 4*j. What is the greatest common factor of 352 and h?
32
Let h(r) = -87*r - 304. Let u be h(-4). Calculate the highest common divisor of 275 and u.
11
Suppose 0 = g + 4*g + i - 10, -3*g + 5*i + 6 = 0. Suppose 18 + g = 2*o. What is the highest common factor of o and 5?
5
Let p = -697 + 702. Calculate the greatest common divisor of p and 155.
5
Let r = 418 - -279. Calculate the highest common divisor of r and 34.
17
Suppose -3*j - 5 = -41. Let i = 28 - j. Let s = i + -12. Calculate the greatest common factor of s and 20.
4
Let c = 1804 + -742. What is the highest common divisor of 18 and c?
18
Suppose 3*y - 150 = 30. What is the highest common divisor of y and 36?
12
Let r(f) = -f**3 - 12*f**2 - f - 12. Let m be r(-12). Suppose m = q + 8 - 158. What is the greatest common divisor of q and 30?
30
Let i be 2*(-2 + 2 + 32). Suppose 4*h - 92 = q + 15, -3*h + i = -4*q. Let f = 333 + -291. What is the greatest common factor of h and f?
14
Suppose 5*i = -20, -i + 68 = 2*p - p. Let h be 95 - -2 - (-5 + 6). What is the highest common divisor of h and p?
24
Suppose -8 = -4*y + 84. Suppose 3*z = 2*g - 7 - 16, -z = g + 1. Suppose g*w + 109 = -5*k + 894, 5*k - 800 = -w. Calculate the highest common factor of y and k.
23
Suppose 2*n - 30 = -3*b - n, n = -3*b + 22. Let u be 1/b + (-2261)/(-114). Calculate the greatest common factor of 10 and u.
10
Let u = -60 - -63. Suppose u*x + 4*b = 101, 3*x - 6*b = -5*b + 106. What is the greatest common divisor of x and 175?
35
Let x be -18*5/(-20)*2. Suppose 6 = a + 1. Suppose 4*h + 4*l = 3*l + 2, a*l + 8 = -2*